What is the value of 18 + (36 + -40 - 37)?
-23
Calculate -64 + (143 - 62) + 16.
33
Evaluate (-6 + -1 + -17 - 7) + 8.
-23
What is the value of 26 + (31 + -5 - 85) + -31?
-64
What is (13 - (12 + 11 + -9)) + (-58 + 2 - 5)?
-62
What is 65 + -77 + 41 + -36?
-7
-32 + (4 - (42 - 70)) + (2 - 0 - -41)
43
Evaluate (-23 - -29) + (9 + 7 + -19 - (31 - 0)).
-28
Evaluate -7 - 79 - (-3 + -11 + (-52 - -61) + -8).
-73
Calculate 1 - ((5 - (-49 + 4)) + 3) - (-107 - -111).
-56
-2 + -21 + 1 + (189 - 100) + -102
-35
(22 - (-8 - -41)) + -13 + 55
31
(6 - -66 - 1) + (-3 - -5) + -14
59
-13 - -55 - (53 - -71) - -26
-56
19 - (25 - (-18 - -31))
7
Calculate (-26 + 15 - (-4 - -58) - -11) + 14.
-40
(-8 - -7) + -6 + 3 - (-13 + 22 - -5)
-18
What is -1 - (-91 - (-11 + (15 - 19) - -8))?
83
What is -6 - 0 - (5 - ((-80 - -18) + 19 + 7))?
-47
(3744 - 3781) + (-1 - (-2 - -4))
-40
Evaluate 24 + 5 + (-13 - 39).
-23
Evaluate -177 + 162 + (-2 - 0 - 7).
-24
What is (-14 - (22 + -37)) + 41?
42
Calculate -59 - (-80 + -18) - 14.
25
Evaluate -22 + -14 - (7 + -25) - 23.
-41
Calculate 9 - ((-120 - -158) + (-1 - -2)).
-30
Calculate 28 + 30 + -27 + (-17 - -14).
28
What is (6 - -19) + 29 + -79?
-25
1 - (-9 + -101 + 1 + (-20 - (11 - 28)))
113
What is the value of -29 + -123 + (101 - 32)?
-83
What is (-59 - (46 - 284)) + -87?
92
What is the value of (-23 - 0) + (-246 - -263)?
-6
What is 1769 + -1791 - (7 - (-5 - -3))?
-31
Evaluate -34 + 1 + (782 - 768 - (-3 + 33)).
-49
What is the value of (-18 - -38) + 3 + -34?
-11
What is the value of 8 + (-4 + (1 - -7 - -1) - (3 + -77))?
87
What is the value of 72 - (-117 + 85) - 6?
98
What is the value of -8 + (6 + (25 - -5) - 4) + 77 + -74?
27
What is the value of -384 + 386 - (6 - (-24 - 1))?
-29
Evaluate (3473 - 3523) + -6 + (2 - 2) - -8.
-48
What is (-9 - 23) + (3 + 3 - 1 - 23)?
-50
What is 11 + (-25 + 4 - -31) + -39?
-18
(-532 - -606) + -11 + -4 + -7
52
Evaluate 1 + (-82 - -2) + 23 + -181 + 170.
-67
0 + -21 + 20 + -3 - 0
-4
Calculate 148 + (136 - 386) + 121.
19
What is -5 + (23 + (-6 - -4) - (129 + -118))?
5
What is 3 - 1 - 0 - (-109 + (176 - 101))?
36
What is the value of 7 - 9 - -32 - (-258 - -270)?
18
What is the value of -45763 + 45758 + (0 - 1) + -1 + 100?
93
What is the value of (32 + (1 - 19) - (0 - 6)) + (50 - 55)?
15
What is the value of (-25 + 16 - (-14 + -18 - -20)) + (2 - 108)?
-103
What is 11 + (-22 + 0 - -1 - (328 + -318)) + -13?
-33
Calculate -9 - ((-21 - -15) + 127 + -49).
-81
Calculate (212 - 118) + -174 - (9 - (-1 + 2 + -2)).
-90
-32 + -50 + 27 + 19 + 87
51
-49 - -3 - 75 - (-35 + 2)
-88
What is -4 + -3 + (39 - (40 - -4)) - -155?
143
Calculate 4 - (1 - -26) - 2 - -11.
-14
Calculate -20 - 6 - (-48 + 11) - (111 + -3).
-97
(-41 - (-55 - -50)) + 32 - (-43 - 1)
40
What is 17 + (-13 - (-14 + -23 + 15)) + -9?
17
109 - (11 - 23 - -72)
49
(32 - (94 - 85)) + -21 + -1
1
What is -19 - (205 - 135) - -40?
-49
What is 3 - ((-99 - -96) + -4 - (-2 + (-29 - 2)))?
-23
Evaluate 1 - -15 - ((15 - 38) + 39).
0
Evaluate -97 - (6 - -7 - 46).
-64
Calculate 6 + (18 - 1) + 8 + -12.
19
Calculate (-5 - -2) + 65 + -4 - ((7 - -5) + -9).
55
Evaluate (1 - 87 - 2) + -1041 + 1057.
-72
Calculate (-5 - (1 - -2 - 1)) + (-3556 - -3458).
-105
What is (-18 - -10) + 44 + -6 + -20 + 7?
17
-19 + 36 - (-49 + 48)
18
Calculate 1 - (24 + -4 + -15) - 58 - 5.
-67
-2 + -1 - ((22 - 0 - 22) + (4 - 0))
-7
What is the value of -24 - (-136 + (19 + -20 - -37))?
76
What is (-1 + 4 - (-47 - -57)) + (26 - 14) + 49?
54
What is -22 + 0 + -15 + -1 + 8?
-30
Calculate (-5 + 6 + -2 - (-2 - 0)) + -5.
-4
What is (32 - -40) + -29 + 31 + -204?
-130
(19 - (0 + 11) - (-1 - 3 - -1)) + 1
12
4 + 108 + -117 + (-4 + 3 - -88)
82
What is -21 + -3 + (3 - 4 - 0) + (16 - 7)?
-16
What is the value of 131 + -116 - (-25 + (-11 + -2 - (34 + -41)))?
46
Evaluate -13 + 17 + (-23 - -17) + -12 + 93.
79
What is the value of (87 - (-98 + 309)) + 85?
-39
What is the value of (-1 - -1 - (-3 - -2)) + 2156 + -2122?
35
What is the value of 26 + -56 - -33 - (1 - (0 + 15))?
17
Calculate -489 + 525 + (3 - 11 - -1).
29
Calculate 55 - (107 + -67) - (-14 - -2).
27
Evaluate -10 - -16 - 8 - (-1 + 58 - (-5 - 1)).
-65
What is -130 + 13 + -151 + 293?
25
Evaluate 1 + 126 + 0 - (45 + (35 + -67 - -1)).
113
-64 + 19 + -13 + (3 - -21)
-34
What is the value of -15 + (0 - (-20 + -10)) + -74?
-59
Calculate (64 - (26 + 24 - 29)) + -29.
14
Evaluate -36 - (-90 + 161) - (0 + -1).
-106
What is -13 + (31 - (3 - -1)) + 51 + -59?
6
What is (16 - (-23 - -3 - -10 - -18)) + 49?
57
Calculate -12 + (5 - 8) + 46.
31
-75 - (3 + (-9 - (9 + -17) - 14))
-63
What is the value of 0 - -7 - (14 - (-14 - (-17 + -12)))?
8
Evaluate 1 + (-2 + -68 - -1 - (-3289 - -3296)).
-75
6 + (15 - 15) + 12 + -62 + -17
-61
(-4 - -19) + (-94 - -86) + -74
-67
What is -7 + 59 + -65 + (-1 - 0)?
-14
What is 7 + -88 + 142 + -165?
-104
What is the value of (115 - -52) + -84 + -46?
37
Evaluate -72 + -48 + 16 + 104.
0
What is the value of -1 + -46 + (-8 - 18) + 32 - (-6 - 0)?
-35
What is -11 + -11 + (16 - (1 - -15 - 14)) - -100?
92
-73 + -1 + 0 - (-34 - (-6 + (-9 - 11)))
-66
Calculate (46 + -50 - (8 + 6 + -4 + -26)) + -8.
4
What is the value of 16 + (4 - (-12 - (-17 - -8))) + -4?
19
29 - (39 + (10 - (14 + 13)))
7
What is 31 - ((89 - 75) + 71)?
-54
What is 5 + -45 - (1029 + -1014)?
-55
What is the value of (0 - -1) + (177 - 212) + -1 + -12?
-47
Calculate (12 - (6 + -3) - -10) + -13 + -34.
-28
What is the value of -23 + (1 - 0) - (21450 + -21486)?
14
What is (-42 - -54) + -36 + (-1 - -16) - -19?
10
What is the value of (-41 - -31) + (-10 - -5) + 25?
10
What is (-27 + 6 - -49) + -14?
14
67 - -1 - (-47 - (-94 + 75))
96
Evaluate -13 + (-4 - -19 - 16 - -8) + 58 + -1.
51
What is (86 - 72 - (-9 + 2)) + -3?
18
What is (27 - (-2 + 0 + 1)) + (-4217 - -4212)?
23
-60 + ((30 - 25) + -10 - -6)
-59
What is the value of (207 - 161) + 15 + 3?
64
What is the value of (-54 - -73 - 11) + (3 - 50)?
-39
What is the value of (83 - 1) + 28 + (-32 - (4 - (9 - 4)))?
79
Calculate (38 - -5) + -13 + -76 + (2 - (1 - -11)).
-56
346 + -342 + (39 - 6)
37
Calculate 211 - 237 - ((0 - -3) + -4 - -4).
-29
Evaluate (-397 - -346) + (-9 - (-12 + -33)).
-15
Evaluate 0 + (-2 - -10) - -23.
31
What is (8 - (-5 + (0 - -11))) + (2 - 51)?
-47
Calculate (-55 + (0 - 0) - -1) + (213 - (-105 - -310)).
-46
What is the value of 27 + 34 + 25 - 61?
25
(32 + (-20 - 21) - -36) + 100
127
What is the value of 1 - 4 - (-2 + -1) - (-996 + 1018)?
-22
What is the value of -12 + 0 + 1 + (5496 - 5464)?
21
What is 1236 + -1246 + 3 + 1 + 0 + 56?
50
What is (6 + -4 - (1 + -16)) + -26 + 20?
11
13 + -31 + 18 + 20 + -23
-3
-55 + -78 - -85 - (19 + (0 - -2))
-69
Calculate (-3 - (88 + 0 + 5 + -1)) + (576 - 578).
-97
8 + -9 + -40 + 15 - -10
-16
-30 + -9 + -15 + 18 + -19 + -5 + 19
-41
Evaluate -5 + -2 + 4 - (57 + 36 + -20).
-76
What is (-466 - -428) + 6 + -30?
-62
Evaluate -78 + 71 + -25 + (0 - 7).
-39
What is the value of 33 + (-4 - (1 - -16)) + -39?
-27
Evaluate -15 - 4 - (-144 - -91).
34
What is the value of 1102 + -1099 - (2 - (-7 - -4))?
-2
Calculate 32 + -37 + 61 - 22.
34
Evaluate 163 + -128 + (12 - 35) + 1.
13
Evaluate 117 + -88 + 78 + 3 + -1 + -21.
88
0 + (-5 - (-23 - (-5 - (5 + 0 + -8))))
16
(6 - (-110 - -148)) + 34
2
Evaluate 60 + -38 + (30 - 1 - 15).
36
31 + -1 + -65 + 24
-11
Calculate -128 + (2 - 0) - (-14843 + 14833).
-116
Calculate 128 - (-48 + 216 + 62).
-102
What is -4 + -5 + -1 + 32 + (87 - 86)?
23
What is (9 - -10) + -24 - (26 + -33)?
2
Calculate (5 + -5 - -4) + (60 - -2 - -2) + 0.
68
(-24 - (-12 - 24)) + -3
9
(-23 - -60) + 6 + (8 - 24) + 8
35
What is 29 - -28 - 68 - (69 + 1) - 11?
-92
(-13 - -15 - 2 - 101) + 4 + -19
-116
-33 - (-56 - -18) - 8 - -28
25
What is the value of 45 + (-52 - 58) + 61?
-4
Evaluate -1 + -33 + (-179 - -201) + -27 + 2.
-37
What is 5 - ((-14 - (-8 - 2)) + 74)?
-65
Evaluate 14 + 1 - (0 - -8) - (-21 + 60).
-32
What is the value of -25 - (-30 - -13) - (31 + 0 + -4)?
-35
What is (2 - -26) + 11 + -1 + 60 + -70?
28
Evaluate (-219 - (-464 - -240)) + (36 - 1).
40
What is (0 + 0 - (-13 + 3)) + (66 - (-2 - -67))?
11
What is the value of 104 + -77 + 96 + -98?
25
Calculate -21 + (13 - (1 - (-8 + -4))).
-21
Calculate (-7 - -18) + -8 + 56 + (-2 - 16) + 26.
67
-59 + 38 + -6 + -28 + 13
-42
-79 - -105 - (26 + -11)
11
What is the value of (0 + 2 - 70) +